60 and 124009920?
160
Calculate the greatest common divisor of 153956835 and 540.
135
What is the highest common divisor of 4064501 and 35767?
761
Calculate the greatest common divisor of 324820 and 260.
20
Calculate the highest common factor of 2857602 and 462.
66
Calculate the highest common divisor of 32223682 and 742.
106
Calculate the highest common divisor of 82857 and 2123940.
1167
What is the highest common divisor of 5735448 and 69642?
954
Calculate the highest common factor of 66873 and 87.
3
What is the greatest common factor of 6213 and 622499?
109
What is the highest common divisor of 21982363 and 1339?
1339
Calculate the highest common factor of 60 and 611708.
4
Calculate the highest common divisor of 68127 and 1623.
3
Calculate the greatest common factor of 600183 and 513.
27
What is the highest common divisor of 33267096 and 204?
204
What is the greatest common divisor of 1592204 and 25972?
172
Calculate the highest common factor of 1204772 and 160172.
6964
What is the greatest common divisor of 8337550 and 78?
26
What is the greatest common factor of 1289277 and 5986239?
4341
Calculate the greatest common divisor of 14240 and 2100845.
445
What is the highest common factor of 1275 and 251324175?
1275
Calculate the highest common factor of 49263400 and 1000.
200
What is the highest common divisor of 16 and 77883984?
16
Calculate the highest common divisor of 2004216 and 54464.
296
Calculate the greatest common divisor of 8939556 and 276.
12
What is the highest common factor of 2316250 and 918?
34
Calculate the greatest common factor of 1025 and 12745014.
41
Calculate the highest common divisor of 20536957 and 72863.
10409
What is the greatest common divisor of 26494848 and 1962?
1962
What is the highest common divisor of 135 and 2637000?
45
What is the highest common factor of 297 and 163124982?
27
What is the highest common divisor of 403440 and 13040?
80
Calculate the greatest common factor of 6585 and 33.
3
Calculate the greatest common factor of 2901 and 179042951.
967
Calculate the highest common divisor of 2237255 and 355.
5
What is the greatest common factor of 13250082 and 248?
62
Calculate the greatest common factor of 64980 and 6181460.
380
What is the greatest common divisor of 123 and 42825525?
123
What is the highest common divisor of 2353249 and 5963?
89
What is the highest common factor of 253 and 72672134?
23
What is the greatest common divisor of 26399842 and 224?
14
Calculate the greatest common factor of 10664495 and 5.
5
What is the greatest common divisor of 883736462 and 49?
49
Calculate the greatest common factor of 296 and 25544282.
74
Calculate the greatest common divisor of 35935002 and 87.
87
Calculate the highest common factor of 1 and 404661433.
1
What is the greatest common divisor of 1186675 and 225?
25
Calculate the greatest common divisor of 39534 and 21575980.
1198
Calculate the highest common factor of 306 and 109521378.
306
What is the greatest common divisor of 730 and 179020?
10
Calculate the greatest common divisor of 11481855 and 217.
7
What is the highest common factor of 880 and 13964060?
220
Calculate the highest common factor of 31268264 and 1856.
232
What is the greatest common factor of 870118170 and 3711?
3711
What is the greatest common factor of 124 and 16202863?
31
Calculate the greatest common divisor of 1032 and 34141183.
43
What is the greatest common factor of 79022253 and 3?
3
What is the greatest common factor of 87407757 and 9?
9
What is the greatest common factor of 39432 and 178504?
424
Calculate the greatest common divisor of 6117 and 1824.
3
Calculate the greatest common divisor of 47002276 and 131.
131
Calculate the highest common factor of 1456 and 90496336.
112
Calculate the highest common divisor of 958636 and 47596.
292
Calculate the highest common factor of 4928 and 157842608.
1232
What is the greatest common factor of 308 and 422504?
4
Calculate the highest common divisor of 59 and 896400334.
59
Calculate the highest common factor of 254815340 and 3302.
3302
Calculate the greatest common factor of 70560 and 175140.
1260
What is the greatest common factor of 4044622 and 6950?
278
Calculate the highest common factor of 60179700 and 8400.
2100
What is the highest common divisor of 13858 and 25676846?
338
What is the highest common factor of 2646670 and 20?
10
Calculate the highest common factor of 10225375 and 232700.
4475
Calculate the greatest common divisor of 5874 and 718586.
1958
Calculate the greatest common factor of 270357822 and 14.
14
Calculate the greatest common divisor of 27829 and 345559.
17
What is the greatest common factor of 2171108 and 3404?
92
What is the highest common factor of 2584 and 170203558?
646
What is the greatest common divisor of 55392 and 11585006?
1154
Calculate the greatest common divisor of 11220741 and 126.
63
What is the greatest common factor of 94440606 and 156?
78
What is the highest common factor of 194332 and 36176436?
10228
Calculate the greatest common divisor of 238953300 and 4127.
4127
Calculate the greatest common factor of 55431876 and 2088.
348
What is the greatest common factor of 183 and 16830327?
183
Calculate the highest common divisor of 1488 and 183145272.
744
What is the highest common divisor of 151968 and 67472?
16
Calculate the greatest common divisor of 645 and 142048651.
43
Calculate the greatest common factor of 29393911 and 1384.
173
What is the highest common factor of 3213 and 80188677?
459
What is the highest common factor of 115 and 2799945?
5
What is the highest common divisor of 2470 and 2991933230?
2470
What is the greatest common divisor of 274291999 and 9291?
3097
What is the highest common divisor of 45782 and 88?
22
What is the greatest common factor of 1609433148 and 24?
12
What is the highest common factor of 1175 and 74475?
25
Calculate the greatest common divisor of 222 and 346616.
74
Calculate the greatest common factor of 930620 and 11692.
316
Calculate the highest common factor of 50411863 and 14778.
821
What is the greatest common divisor of 3856563 and 68229?
3249
Calculate the greatest common divisor of 41347060 and 1020.
340
Calculate the greatest common divisor of 15 and 496385.
5
Calculate the highest common factor of 28 and 3993636.
4
Calculate the highest common factor of 27 and 57732336.
9
What is the greatest common divisor of 1634564 and 321110?
326
What is the greatest common divisor of 3342199 and 45241?
161
What is the highest common factor of 15600 and 493468560?
3120
What is the highest common factor of 4238689 and 171984?
3583
What is the highest common divisor of 185 and 955216050?
185
What is the highest common divisor of 64 and 225449024?
64
Calculate the greatest common divisor of 3213940 and 170.
10
What is the highest common divisor of 42536384 and 4928?
704
Calculate the greatest common divisor of 3750648 and 836.
44
What is the highest common divisor of 147 and 8365917?
147
What is the highest common factor of 3036999 and 141?
141
Calculate the greatest common divisor of 740 and 59471432.
148
Calculate the highest common divisor of 4830002 and 752.
94
What is the greatest common factor of 1775 and 318293?
71
Calculate the greatest common divisor of 14386335 and 69.
3
What is the highest common divisor of 539 and 52650521?
77
What is the highest common factor of 44 and 649863852?
44
Calculate the highest common divisor of 54749 and 10547.
53
Calculate the greatest common factor of 7319 and 27235.
13
What is the highest common factor of 74486596 and 4?
4
What is the highest common factor of 136 and 3653045?
17
Calculate the greatest common divisor of 15738 and 95374.
86
What is the highest common factor of 31621014 and 20313?
333
What is the greatest common divisor of 1256276579 and 139?
139
Calculate the greatest common factor of 496483 and 1378.
13
What is the highest common divisor of 180114 and 825?
33
What is the highest common divisor of 594 and 685530?
54
What is the greatest common divisor of 519 and 1166?
1
What is the highest common divisor of 7635 and 1834530?
15
Calculate the greatest common factor of 5459932 and 7136.
892
Calculate the greatest common factor of 397 and 156709001.
397
Calculate the greatest common divisor of 1165120 and 3905.
55